 - 23. Suppose v*q + 14 = 4. Give u(q).
9
Let x(i) = i**2 + 8*i + 4. Let l be x(-7). Let u(j) = -3*j + 1 + 2 - 3 - 3. What is u(l)?
6
Let i be (-261)/(-2709) - (-14)/301 - (-12)/14. Let d(r) = -63*r - 3. Determine d(i).
-66
Let m(g) = -3*g + 5. Suppose -4*w = 135*s - 138*s + 16, 0 = -w + 5*s + 13. Give m(w).
26
Let u(f) = f**3 + 7*f**2 - f - 6. Suppose -4*v - 28 = 4*g, -g = -2*g + 4*v - 7. Let t be (-35)/g + 12/(-2 + 1). Give u(t).
1
Let c(q) = -5*q**3 + 81*q**2 - 131*q - 83. Let p(w) = -2*w**3 + 27*w**2 - 49*w - 27. Let x(d) = 3*c(d) - 8*p(d). Give x(-27).
-6
Suppose 129*p = -102*p - 99*p - 1320. Let b(n) = 8*n**2 + 2*n - 4. Determine b(p).
116
Let y(c) = -c**2 - 8*c + 14. Suppose 18*t + 56 = 4*t. Let o be 20/(69/46*t/3). Calculate y(o).
-6
Let o(m) = -m**3 - 10422 + 10442 - 25*m - 26*m**2 + m. Determine o(-25).
-5
Let g(a) = -75*a + 14. Let l(s) = 8*s + 2. Let n(d) = -g(d) - 9*l(d). What is n(11)?
1
Let n(b) = b**3 - 6*b**2 - 10*b + 3. Let h = -662 - -262. Let x = 407 + h. Give n(x).
-18
Let f(y) = 269*y + 20 - 130*y - 136*y - 17. Calculate f(-7).
-18
Let o(w) be the second derivative of 5*w**3/3 + 3*w - 5. What is o(-1)?
-10
Let j(x) = -15*x**3. Let v(u) = 9*u**2 - 47*u + 43. Let o be v(4). Determine j(o).
15
Let b(s) = 2*s**2 - 84*s + 16. Let l be 7/(((-132)/72)/11*-1). Give b(l).
16
Let j(z) = 1 - 4449*z**2 - 4*z + 4459*z**2 + 3. Give j(2).
36
Suppose -43*y + y + 480 = 54*y. Let z(i) = i**2 - 6. Determine z(y).
19
Let u = 630 - 627. Let b(t) = -2 - 2*t**2 - 11*t**3 + 0*t**u + 10*t**3 - t - 2. Calculate b(-3).
8
Let c(a) = a**2 + 61*a. Let b(y) = -y**3 - 21*y**2 + 175*y - 16. Let f(j) = -b(j) + 2*c(j). Give f(-25).
91
Let z(a) = 2*a + 11*a**2 - 15*a + 6 - 6*a**3 - 12*a + 1 + 7*a**3. Let f be z(-13). Let c(s) = -s**3 - 5*s**2 + 8*s - 1. Determine c(f).
-13
Let q(h) = -3*h**2 + 25*h**2 - 12*h**2 + 9*h - 11*h**2 - 11. Suppose -16 + 43 = 3*u. What is q(u)?
-11
Suppose f - 1 = -p, -p - 4*p - 23 = -2*f. Let j(a) = -3*a**3 - a**2 - 19. Let c(y) = -5*y**3 - y**2 - 34. Let v(g) = f*c(g) - 7*j(g). What is v(-3)?
-3
Let y(l) be the second derivative of l**3/3 + 35*l**2/2 + 677*l + 2. Give y(-24).
-13
Let t(k) = 5*k**2 + 2*k + 2. Let p(c) = -c**3 - c**2 - c - 2. Let v(u) = -u**2 + 18*u - 17. Let r be v(1). Let m be p(r). What is t(m)?
18
Let s(v) be the first derivative of v**2 + 27*v - 1331. Calculate s(-8).
11
Let t(r) = 2*r**3 + 6*r**2 - 4*r + 9. Let v be t(-4). Let g(n) = n**2 - 7*n - 88. Give g(v).
10
Suppose -4*w = -w + 24. Let r = -10 - w. Let i(s) = -23*s + 47*s - 26*s + s**3 + s**2 - 1. Calculate i(r).
-1
Let t(p) = -p**2 - 6*p - 5. Let m be t(-5). Let x(k) = m*k + 2 + 8*k - 1 + k**2 + 0*k. Let q(o) = o**3 + o**2 - 10*o - 23. Let c be q(-2). Calculate x(c).
-6
Let x = 173 - 150. Suppose -2*g = -5*g + 51. Let y = g - x. Let n(m) = m + 14. What is n(y)?
8
Let m(f) be the first derivative of -270 - 2*f + 1/3*f**3 - 4*f**2. Determine m(7).
-9
Let f(t) = 5*t - 8. Let u(h) = -21*h + 33. Let b(o) = 9*f(o) + 2*u(o). Suppose 10*s + 105 = 13*s. Suppose -4*l + 0 + 40 = 4*a, 4*l - s = -3*a. Determine b(l).
9
Let z(r) = -7*r**3 + 7*r**2 + 27*r + 1. Let u(a) = -a**3 + 2*a**2 + 3*a - 1. Let h(i) = 6*u(i) - z(i). Let s = -4 + -2. Give h(s).
11
Let t(a) = a**3 - a**2 + a + 6. Let v(y) = 3*y - 65. Let o be v(21). Let c be -1 - (3 + -2 + o). Give t(c).
6
Let b(y) = 37 + y + 34 + 43 - 16 - 94. Let f = 11 - 7. Give b(f).
8
Let c be (-2)/11 + (-26)/(-22). Let h(n) = -3*n - 11*n - c + 0. Let l be 5/(-25) + 6/5. What is h(l)?
-15
Let q(c) = -171 - 32*c + 174 - 11*c**2 + 9*c**2. Let m be (-50)/(-14) + -4 - 872/56. Give q(m).
3
Suppose -2723 + 3273 = 22*p. Let a(h) = -h**3 + 24*h**2 + 25*h. Determine a(p).
0
Let n(y) = -4*y + 2. Let f be (0 + -1)*-2 - 0. Suppose f = 2*q - 16. Suppose -q = -4*m - 1. What is n(m)?
-6
Let q(o) = 2*o - 56. Let k(z) = -2*z**3 - 25*z**2 + 7*z - 49. Let h be k(-13). What is q(h)?
2
Suppose -3*h = -15*h + 204. Suppose 19*u - 20 = h*u. Let m(i) = 3 - 2 - 14*i + u*i + 5*i. Determine m(3).
4
Let n(z) be the third derivative of 0*z**3 + 10 + 1/120*z**6 + 0*z**4 - 1/60*z**5 + 0*z + z**2. Give n(-2).
-12
Let b(s) = -3*s - 3127 - 3137 + 6266. Let r(v) = v**2 - 10*v + 12. Let y be -2 + 0 + (1 - -10). Let l be r(y). Give b(l).
-7
Suppose 1 = 7*a - 13. Let t(v) = -37*v + 43*v - 8*v**a + v**3 - 7 + 3*v**2 + 0*v**3. Give t(5).
23
Let a be ((-77)/33)/((-2)/18). Let u(p) = 0*p + a*p**2 - p**2 + p - 1. Let i(v) = 7*v + 15. Let m be i(-2). Determine u(m).
20
Let b(a) = 26 + 13464*a - 4*a**2 - 12*a**2 + 4*a**2 - 13436*a - a**3. What is b(-14)?
26
Let x(l) = 30*l - 717. Let f = -7414 + 7438. Give x(f).
3
Let v = 3 + -2. Let k(q) = -6*q + 1 + 0 + v. Suppose -1 = f + 1. Give k(f).
14
Let c(m) = 6 + 131*m**3 - 13*m + 142*m**3 - 275*m**3 - 6*m**2 + 14*m. What is c(-4)?
34
Let r be (-13 + 671/55)*(1 - 6). Suppose r*d = 5*b - 25, b + 3*d - 28 = -4. Let o(k) = k**2 - 12*k + 11. Calculate o(b).
-16
Let f = -64 - -80. Suppose -2*u = 6*u + f. Let l(x) be the first derivative of 13*x**2/2 - 48. What is l(u)?
-26
Let a(k) = 2*k**3 + 5*k**2 + 3*k + 4. Let c(y) = 2*y**3 - 12*y**2 - 11*y - 24. Suppose 8*t + 7 = 9*t + 4*x, -28 = -4*t + x. Let l be c(t). What is a(l)?
-14
Let l = 16 - 22. Let o(z) be the second derivative of -z**4/12 - 4*z**3/3 - 11*z**2/2 + 17*z + 377. What is o(l)?
1
Let n be ((-20)/1 + -11)/(0 - -1). Let i(z) = -z**2 - 30*z + 33. Calculate i(n).
2
Suppose 0 = -2*o + 4*g + g + 66, -5*o - 4*g + 132 = 0. Let b = o - 33. Let c(h) = -2*h - 2 - 4 + 9. Calculate c(b).
13
Let i(u) = -u**2 + 9*u + 39. Let m be i(12). Let v(q) = 0 + 13325*q**3 - 2 - 13324*q**m. Let r(c) = -c**2 - 6*c. Let z be r(-6). Determine v(z).
-2
Let w(o) = o**3 + 10*o**2 - 8*o + 4. Let v = -764 + 753. Determine w(v).
-29
Let p(q) = -q**3 + 2 + 0*q - q + 0*q + 8*q**2 - 3*q. Suppose 22*j - 5*m = 21*j + 12, 3*j - 2*m = 23. What is p(j)?
23
Let t(m) = -16 + 13 + 3 + 26 + 126*m - 138*m. Calculate t(6).
-46
Let s(y) = 448 - 444 - 14*y + 16*y**2 + 14*y**2 - 29*y**2. Give s(14).
4
Let f(l) = -20704 + 41216 + 60*l - 20759. Determine f(4).
-7
Let a(d) be the second derivative of d**5/20 + 9*d**4/4 + 10*d**3/3 - 159*d**2/2 - 2*d + 223. Determine a(-26).
-3
Let j(u) = -4*u**2 - 3*u + 2. Let k(c) = -16*c + 108. Let n be k(19). Let m = n - -193. What is j(m)?
-25
Let m(n) = n**2 + n. Let p(v) = -3*v**2 - 3*v - 3. Let k(g) = 4*m(g) + p(g). Suppose -34 = -t - 34. Calculate k(t).
-3
Let o(g) = g**3 + 8*g**2 + 3*g + 1. Let q(i) = i + 4. Let t be q(1). Suppose -4*w - 72 = t*w. What is o(w)?
-23
Suppose -2*c - 18 = -4*s, 0 = -3*s + 20*c - 15*c + 17. Let b(r) = -3*r + 21. Let q(v) = v - 9. Let u(i) = 6*b(i) + 13*q(i). Calculate u(s).
-11
Let d(g) be the second derivative of g**4/12 - g**3/3 + 7*g**2/2 + 6*g. Let y be 0 + (-2)/(-5) + (-888)/2220. Calculate d(y).
7
Let c = -2 - -2. Let g(y) = c*y**3 + 1 - y**3 + 1 + 1 - 3*y. Let u = -3953 + 3955. Determine g(u).
-11
Let a = 21 + -28. Let o(d) be the third derivative of d**4/24 + d**3 - 252*d**2. What is o(a)?
-1
Suppose 572*x + 2386 = -10*x + 640. Let s(a) = 2*a - 7*a + a - 3. What is s(x)?
9
Suppose -54*f + 51*f - 13 = 4*g, 0 = -3*g + f. Let q be g/((5/(-45)*-6)/2). Let x(n) = -3*n**2 - 3*n + 2. Calculate x(q).
-16
Let p be (-6)/(-12) - (-19)/2. Let s = p - 7. Let m(x) be the third derivative of -x**4/6 + x**3/2 - 72*x**2 + 2. What is m(s)?
-9
Let l(a) = 0*a + 19 - 6*a - 22 + a**2 + 10. Calculate l(2).
-1
Let p(j) be the third derivative of j**5/3 + 4*j**4/3 + 3*j**3 + 173*j**2. Let q(f) = -7*f**2 - 11*f - 6. Let x(o) = 6*p(o) + 17*q(o). Calculate x(-5).
6
Let d(k) = -2*k - 5. Let i = -1042 + 1847. Suppose 40 = 9*v + i. Let o = v - -79. What is d(o)?
7
Suppose -7008 + 3496 + 3508 = 2*g. Let k(l) = -6*l + 6. Let j(m) = 6*m - 5. Let h(n) = 5*j(n) + 4*k(n). What is h(g)?
-13
Let a = 120 + -92. Suppose 3*g + 4*g - a = 0. Let r(s) = -1 + s + 5 - g. Determine r(-5).
-5
Suppose 634*r + 3*w = 638*r + 15, 2*r = 5*w + 17. Let a(m) = m**2 + 8*m - 22. Calculate a(r).
-13
Let c(r) = -40*r**2 + 9*r + 2. Let j(p) be the second derivative of 13*p**4/6 - p**3 - p**2/2 + 8*p + 4. Let u(y) = -5*c(y) - 8*j(y). Give u(2).
-28
Let s(d) = 3*d**2 - 2. Let n = -366 + 386. Suppose -4*l - 44 + 116 = r, -2*l + 3*r + 36 = 0. Let p = n - l. Calculate s(p).
10
Suppose -2*i = 4*y - 32, 3*y +